er when 56 is divided by k.
18
Suppose -5*h - 98 = -10*h + 4*b, -2*h = b - 34. What is the remainder when 83 is divided by h?
11
Suppose 120 = 5*q + i - 140, 5*i = 25. Calculate the remainder when q is divided by 19.
13
Suppose -111 = -4*t - o, 6*t - 142 = t + 2*o. Calculate the remainder when 119 is divided by t.
7
Let b be ((-5)/3)/(12/(-36)). Suppose -4*q - 3*p + 47 = 0, 7*q - 4*q - b*p = 57. What is the remainder when 67 is divided by q?
11
Calculate the remainder when 309 is divided by 6 + 66/(-12) + 539/14.
36
Suppose -1 = s - 2*s. Let p be (0 - 0) + 3 + s. Suppose -m - 105 = -p*m. Calculate the remainder when m is divided by 19.
16
Calculate the remainder when (-2 - -2) + 2 + 69 + 0 is divided by 38.
33
Suppose -3*s + 2*v + 43 = 357, 3*v = 3. What is the remainder when 39 is divided by s/(-5) - 14/(-70)?
18
Suppose -3*p - 4 = 2*k - 5, 7 = -p + 3*k. Let t be p/4 - (-39)/(-4). Let g(n) = -n**3 - 10*n**2 - n - 3. Calculate the remainder when g(t) is divided by 5.
2
Let r = 2 - -7. Let f(p) = p**2 + 3*p - 1. Let z be f(4). Calculate the remainder when r is divided by 102/z + (-4)/(-18).
1
Let a(f) = -19*f**3 - f**2 - 2*f - 2. Suppose 0 = -5*l - 11 + 6. Let w be a(l). Let x = -14 + w. Calculate the remainder when 9 is divided by x.
1
Calculate the remainder when (4/3)/(3136/(-1575) - -2) is divided by 32.
22
Let u(d) = 2 - 3 + 7*d + 4 - 2*d + 2*d**2. Let b be u(-3). Let a(n) = n**3 - 4*n**2 - 8*n. Calculate the remainder when a(b) is divided by 7.
3
Suppose 2*v - 7*v - 5*q + 300 = 0, 3*q - 52 = -v. Let c = 2 - -9. What is the remainder when v is divided by c?
9
Let c = 10 + 14. Suppose 18 = 3*q - c. Calculate the remainder when 53 is divided by q.
11
Let j(d) = -d**2 - 2*d + 4. Let f be j(-3). Let w(y) = y**3 + 26*y**2 + 23*y - 49. Calculate the remainder when w(-25) is divided by f*-3*3/(-9).
0
Suppose 21*t = -41*t + 28210. Calculate the remainder when t is divided by 8.
7
Let u(t) = 3*t**2 - 5*t + 12. Let a(b) = b - 1. Let o(f) = 6*a(f) + u(f). Let i be o(4). What is the remainder when i*(-2 + -1)/(-6) is divided by 8?
5
Suppose -213*b + 216*b = 219. What is the remainder when b is divided by 22?
7
Let q(f) = -f**3 + 5*f**2 - 3. Let s be q(6). Let x be (-4)/(-26) - 4362/s. Let c = x + -53. What is the remainder when c is divided by 21?
17
Suppose 17*j - 440 = -5*j. Calculate the remainder when j is divided by 15.
5
Calculate the remainder when (24928/(-456))/(1/(-3) - 0) is divided by 45.
29
Suppose 0 = -2*m + 4*m - 10. Suppose -213 - 212 = -m*t. Suppose -2*y + 11 + t = 0. Calculate the remainder when y is divided by 17.
14
Let r = 154 + -76. Let z = -231 - -327. Let q = -76 + z. What is the remainder when r is divided by q?
18
Let s = -903 + 928. Calculate the remainder when 57 is divided by s.
7
Let q(x) = 3*x**2 + 7*x + 4. What is the remainder when q(6) is divided by (6/15)/((-8)/(-30))*26?
37
What is the remainder when 159 is divided by (4*(-9)/(-90))/((-3)/(-45))?
3
Suppose 0 = 53*s - 49*s - 1132. Calculate the remainder when s is divided by 18.
13
Let h = 2 + 4. Let c be (h/1)/((-6)/(-4)). Suppose -20 = -b - c. What is the remainder when 62 is divided by b?
14
Let s be (15/(-6) + 3)*28. Let i(f) = 45*f**2 + f + 1. What is the remainder when i(-1) is divided by 1 - (s/(-2) - 4)?
9
Let g = -222 - -274. What is the remainder when 259 is divided by g?
51
Let g(x) = x**3 - 5*x**2 - 16*x - 3. Suppose 14 = -4*v + 46. What is the remainder when g(v) is divided by 9?
7
Suppose -2*y = -3*b - 4*y + 1136, -4 = -y. What is the remainder when b is divided by 14?
12
Suppose -5*i - 17 = -2*j - 3, 4*i = -2*j + 50. Suppose 2*w = -5*s + j, -s - 4*w = -6 + 17. Calculate the remainder when s is divided by 4.
1
Calculate the remainder when ((-225)/125)/(3/(-2015)) is divided by 10.
9
Suppose -7*k - 2*k = -54. What is the remainder when 11 is divided by k?
5
Suppose -2*o = -5*v - 4 + 128, -49 = -2*v + o. Suppose 309 = 6*m - 453. What is the remainder when m is divided by v?
23
Suppose 111 = 3*r - 15. Calculate the remainder when 768/r - (-2)/(-7) is divided by (5*2)/(4 + -3).
8
Let s be 4183/141 + 1*(-1)/(-3). What is the remainder when (-207)/6*s/(-9) is divided by 13?
11
Let v be 4/(-8) + (-10)/(-4). Suppose 7 = -3*l + v*x + 315, -4*l + 388 = 3*x. Suppose 9*d - l = 4*d. Calculate the remainder when 37 is divided by d.
17
Let o(x) = 2*x**2 - x - 1. Let m be o(-2). Suppose -m = -n + 17. Let t = n - 22. What is the remainder when t is divided by 3?
1
Let n(j) = 10*j**2 - 2*j - 3. Calculate the remainder when n(-1) is divided by 7.
2
Let x be 3/2 + 9/6. Suppose -2*w + 20 = -5*y - 35, -2*y = -x*w + 99. Calculate the remainder when w is divided by 12*(-3)/(-6) + 3.
8
Let x(k) be the second derivative of -k**3/6 + 5*k**2 - k. Suppose 0 = 8*r - 41 - 47. What is the remainder when r is divided by x(5)?
1
Let s(w) = 26. Let p(k) = -k - 51. Let y(q) = -3*p(q) - 7*s(q). What is the remainder when y(13) is divided by 2?
0
Let m = -83 - -45. Let c = m - -42. Calculate the remainder when 6 is divided by c.
2
Let l(k) = -k + 33. Let t = -13 + 24. What is the remainder when l(4) is divided by t?
7
Let o = -11 + 59. Let w = o - 25. Suppose 24 = -2*n + 6*n. Calculate the remainder when w is divided by n.
5
Let m = 22 + -33. Let a = 17 + m. Suppose -2*j - z + 41 = 0, -2*j + 7*j + 3*z - 102 = 0. What is the remainder when j is divided by a?
3
Let j(d) be the first derivative of 28*d**3/3 - d**2 - d + 2. Suppose 0 = -u + 2 + 8. What is the remainder when j(-1) is divided by u?
9
Let f = 98 + -55. Calculate the remainder when 171 is divided by f.
42
What is the remainder when 22/4*(48 + (-3 - -7)) is divided by 36?
34
Suppose b + 67 = 2. Suppose 2*q - 138 = 70. Let l = b + q. Calculate the remainder when l is divided by 14.
11
Suppose -18 = -2*n + 48. Let o(h) = -h**2 - 21*h - 4. What is the remainder when o(-17) is divided by n?
31
Suppose -m + 11*o + 4 = 12*o, 4*o + 40 = 4*m. What is the remainder when 27 is divided by m?
6
Let j = 416 + -385. What is the remainder when 51 is divided by j?
20
Suppose 34*a + 25*a = 6254. What is the remainder when a is divided by 31?
13
Suppose 47 + 3 = 5*z. Let s be (-2*21)/((1 + 2)/(-3)). What is the remainder when (0 + -2)*(s/(-4) + 2) is divided by z?
7
Let f be (-5 - 55)*(-7)/4. Let k = f - 26. Suppose 133 = 5*w - z, -6*w + 4*w + 58 = 2*z. Calculate the remainder when k is divided by w.
25
Let z be 20/(-6)*(-9)/(-6). Let u = 8 + z. Suppose u*w + 268 = 3*g + 4*w, -3*w + 3 = 0. Calculate the remainder when g is divided by 23.
20
Let t be (2/(-3))/((-5)/60). Let j(f) be the second derivative of f**4/6 - 5*f**3/3 - 5*f**2 + 5*f. What is the remainder when j(t) is divided by 20?
18
Suppose -c = 5*k - 34, -4*c - 4*k - 64 = -8*c. What is the remainder when 30 is divided by c?
11
Let u = -12 - -118. Suppose 27 = -2*b + 3*b. Calculate the remainder when u is divided by b.
25
What is the remainder when (-56)/105*3*-60 is divided by 14?
12
Let g(w) = w**3 + 8*w**2 + w + 10. Let z be g(-8). Suppose -11 = -3*o - z. Let m(p) = 3*p. What is the remainder when 17 is divided by m(o)?
8
Suppose 4*s - 32 = -3*d - d, -36 = -5*d - 4*s. Suppose d*f = -2*n, 5*f = -0*f - 15. Let o = n - -7. Calculate the remainder when 25 is divided by o.
12
Let s = -20 - -34. Suppose -5*b = -1 - s. Suppose 6*l - 114 = 4*l + b*i, -5*i = 0. What is the remainder when l is divided by 15?
12
Let g = 68 + -66. Suppose 4*b - 15 = -g*w - 5, -4*b - 20 = 0. What is the remainder when w is divided by 3?
0
Suppose 4*q + 3 = -5*m - 36, 3*m + 65 = -5*q. Let d = q + 14. Let v = d - -3. Calculate the remainder when 1 is divided by v.
0
Calculate the remainder when (-128)/(-12)*(-792)/(-24) is divided by 17.
12
Let t(z) = -7*z - 97. Calculate the remainder when t(-46) is divided by 23.
18
Calculate the remainder when 48 is divided by 25/(-10)*-2 - -8.
9
Suppose 0*s - 1 = -4*m + 3*s, 3*m + 15 = -3*s. Calculate the remainder when (-33)/12*(-6 - m) is divided by 42/10 + (-8)/(-10) + -1.
3
Let q(n) = -n - 6. Let j(a) = -a**2 - 5*a - 2. Let t be j(-6). Let r be q(t). Suppose -6*u = -r*u - 80. What is the remainder when 38 is divided by u?
18
Let u be 7/(-14)*(-2 - 0). What is the remainder when u/(-2) + -44*(-88)/64 is divided by 16?
12
What is the remainder when 173848/4340 - 4/70 is divide